{"id":129611,"date":"2026-09-02T10:55:07","date_gmt":"2026-09-02T09:55:07","guid":{"rendered":"https:\/\/marchespettacolo.com\/?post_type=tribe_events&#038;p=129611"},"modified":"2026-09-02T10:55:07","modified_gmt":"2026-09-02T09:55:07","slug":"trio-rinaldo-forma-e-colore","status":"publish","type":"tribe_events","link":"https:\/\/marchespettacolo.com\/en\/events\/trio-rinaldo-forma-e-colore\/","title":{"rendered":"TRIO RINALDO &#8220;FORMA E COLORE&#8221;"},"content":{"rendered":"<p class=\"isSelectedEnd\">Un viaggio musicale tra il Classicismo di <strong>Beethoven<\/strong> e le suggestioni impressioniste di <strong>Ravel<\/strong>, interpretato da uno dei pi\u00f9 promettenti ensemble cameristici italiani.<\/p>\n<p class=\"isSelectedEnd\">In programma due autentici capolavori della musica da camera:<\/p>\n<p class=\"isSelectedEnd\">Il <strong>Trio op. 1 n. 2<\/strong> di <strong>Ludwig van Beethoven<\/strong>, dove eleganza classica, energia e intensit\u00e0 espressiva rivelano gi\u00e0 il genio del giovane compositore.<\/p>\n<p class=\"isSelectedEnd\">Il <strong>Trio in la minore<\/strong> di <strong>Maurice Ravel<\/strong>, una delle pagine pi\u00f9 affascinanti del Novecento, ricca di colori sonori, raffinatezze timbriche e intensa poesia.<\/p>\n<p class=\"isSelectedEnd\">Il <strong>Trio Rinaldo<\/strong>, vincitore del <strong>Grand Prix al Dragon International Competition 2025<\/strong> e selezionato come <strong>Britten Pears Young Artist 2024\u201325<\/strong>, \u00e8 oggi considerato una delle pi\u00f9 brillanti realt\u00e0 della musica da camera italiana, apprezzato per il virtuosismo, l\u2019energia e la profonda sensibilit\u00e0 interpretativa.<\/p>\n<p class=\"isSelectedEnd\">Un appuntamento imperdibile per tutti gli amanti della grande musica.<\/p>\n<p><strong>Leonardo Ricci<\/strong>, violino<br \/><strong>Rebecca Ciogli<\/strong>, violoncello<br \/><strong>Lorenzo Rossi<\/strong>, pianoforte<\/p>\n<hr \/>\n<p><strong>Info e biglietti<\/strong>:<\/p>\n<div class=\"evo_metarow_cusF2 evorow evcal_evdata_row bordb evcal_evrow_sm\">\n<div class=\"evcal_evdata_cell\">\n<div class=\"evo_custom_content evo_data_val\">\n<p>Biglietto unico: \u20ac 10,00<\/p>\n<\/div>\n<\/div>\n<\/div>\n<div class=\"evo_metarow_cusF1 evorow evcal_evdata_row bordb evcal_evrow_sm\">\n<div class=\"evo_metarow_cusF1 evorow evcal_evdata_row bordb evcal_evrow_sm\">\n<div class=\"evcal_evdata_cell\">\n<div class=\"evo_custom_content evo_data_val\">\n<p><strong><em>Per info e prenotazioni<\/em><\/strong>: 338 821 9079<\/p>\n<\/div>\n<\/div>\n<\/div>\n<div class=\"evo_metarow_details evorow evcal_evdata_row bordb evcal_event_details\"> <\/div>\n<\/div>","protected":false},"excerpt":{"rendered":"<p>CONCERTI ORO MALIBRAN 2026<\/p>","protected":false},"author":2,"featured_media":129613,"comment_status":"open","ping_status":"closed","template":"","meta":{"_acf_changed":false,"inline_featured_image":false,"_tribe_events_status":"","_tribe_events_status_reason":"","footnotes":""},"tags":[],"tribe_events_cat":[9],"class_list":["post-129611","tribe_events","type-tribe_events","status-publish","has-post-thumbnail","hentry","tribe_events_cat-musica","cat_musica"],"acf":[],"aioseo_notices":[],"_links":{"self":[{"href":"https:\/\/marchespettacolo.com\/en\/wp-json\/wp\/v2\/tribe_events\/129611","targetHints":{"allow":["GET"]}}],"collection":[{"href":"https:\/\/marchespettacolo.com\/en\/wp-json\/wp\/v2\/tribe_events"}],"about":[{"href":"https:\/\/marchespettacolo.com\/en\/wp-json\/wp\/v2\/types\/tribe_events"}],"author":[{"embeddable":true,"href":"https:\/\/marchespettacolo.com\/en\/wp-json\/wp\/v2\/users\/2"}],"replies":[{"embeddable":true,"href":"https:\/\/marchespettacolo.com\/en\/wp-json\/wp\/v2\/comments?post=129611"}],"version-history":[{"count":2,"href":"https:\/\/marchespettacolo.com\/en\/wp-json\/wp\/v2\/tribe_events\/129611\/revisions"}],"predecessor-version":[{"id":129615,"href":"https:\/\/marchespettacolo.com\/en\/wp-json\/wp\/v2\/tribe_events\/129611\/revisions\/129615"}],"wp:featuredmedia":[{"embeddable":true,"href":"https:\/\/marchespettacolo.com\/en\/wp-json\/wp\/v2\/media\/129613"}],"wp:attachment":[{"href":"https:\/\/marchespettacolo.com\/en\/wp-json\/wp\/v2\/media?parent=129611"}],"wp:term":[{"taxonomy":"post_tag","embeddable":true,"href":"https:\/\/marchespettacolo.com\/en\/wp-json\/wp\/v2\/tags?post=129611"},{"taxonomy":"tribe_events_cat","embeddable":true,"href":"https:\/\/marchespettacolo.com\/en\/wp-json\/wp\/v2\/tribe_events_cat?post=129611"}],"curies":[{"name":"wp","href":"https:\/\/api.w.org\/{rel}","templated":true}]}}

<p class="isSelectedEnd">Un viaggio musicale tra il Classicismo di <strong>Beethoven</strong> e le suggestioni impressioniste di <strong>Ravel</strong>, interpretato da uno dei più promettenti ensemble cameristici italiani.</p>
<p class="isSelectedEnd">In programma due autentici capolavori della musica da camera:</p>
<p class="isSelectedEnd">Il <strong>Trio op. 1 n. 2</strong> di <strong>Ludwig van Beethoven</strong>, dove eleganza classica, energia e intensità espressiva rivelano già il genio del giovane compositore.</p>
<p class="isSelectedEnd">Il <strong>Trio in la minore</strong> di <strong>Maurice Ravel</strong>, una delle pagine più affascinanti del Novecento, ricca di colori sonori, raffinatezze timbriche e intensa poesia.</p>
<p class="isSelectedEnd">Il <strong>Trio Rinaldo</strong>, vincitore del <strong>Grand Prix al Dragon International Competition 2025</strong> e selezionato come <strong>Britten Pears Young Artist 2024–25</strong>, è oggi considerato una delle più brillanti realtà della musica da camera italiana, apprezzato per il virtuosismo, l’energia e la profonda sensibilità interpretativa.</p>
<p class="isSelectedEnd">Un appuntamento imperdibile per tutti gli amanti della grande musica.</p>
<p><strong>Leonardo Ricci</strong>, violino<br /><strong>Rebecca Ciogli</strong>, violoncello<br /><strong>Lorenzo Rossi</strong>, pianoforte</p>
<hr />
<p><strong>Info e biglietti</strong>:</p>
<div class="evo_metarow_cusF2 evorow evcal_evdata_row bordb evcal_evrow_sm">
<div class="evcal_evdata_cell">
<div class="evo_custom_content evo_data_val">
<p>Biglietto unico: € 10,00</p>
</div>
</div>
</div>
<div class="evo_metarow_cusF1 evorow evcal_evdata_row bordb evcal_evrow_sm">
<div class="evo_metarow_cusF1 evorow evcal_evdata_row bordb evcal_evrow_sm">
<div class="evcal_evdata_cell">
<div class="evo_custom_content evo_data_val">
<p><strong><em>Per info e prenotazioni</em></strong>: 338 821 9079</p>
</div>
</div>
</div>
<div class="evo_metarow_details evorow evcal_evdata_row bordb evcal_event_details"> </div>
</div>
