{"id":129602,"date":"2026-09-02T10:44:23","date_gmt":"2026-09-02T09:44:23","guid":{"rendered":"https:\/\/marchespettacolo.com\/?post_type=tribe_events&#038;p=129602"},"modified":"2026-09-02T10:44:23","modified_gmt":"2026-09-02T09:44:23","slug":"metamorfosi-10","status":"publish","type":"tribe_events","link":"https:\/\/marchespettacolo.com\/en\/events\/metamorfosi-10\/","title":{"rendered":"METAMORFOSI"},"content":{"rendered":"<p><strong>domenica 11 ottobre, ore 19.00, Sala degli Stemmi, Palazzo Pubblico (Cagli)<\/strong><\/p>\n<div class=\"fact\">Da Ovidio<\/div>\n<div class=\"fact\">Testo e regia Francesca Berardi<\/div>\n<div class=\"fact\">Sound design Paolo Montesi<\/div>\n<div class=\"fact\">Costumi Paola Sartini<\/div>\n<div> <\/div>\n<div>Ispirato a Ovidio, Metamorfosi attraversa le pagine pi\u00f9 note del mito per restituirne l&#8217;attualit\u00e0. Dafne, Narciso, Eco, Medusa e Icaro diventano immagini per riflettere sulla fragilit\u00e0 dell&#8217;identit\u00e0, sul desiderio, sulla perdita, sul cambiamento.<\/div>\n<div>Le Metamorfosi di Ovidio sono uno dei grandi archivi della memoria occidentale. Ogni mutamento conserva qualcosa della forma precedente: \u00e8 proprio questa permanenza nella trasformazione a rendere il mito uno straordinario strumento di memoria.<\/div>","protected":false},"excerpt":{"rendered":"<p> Via Flaminia Festival <\/p>","protected":false},"author":2,"featured_media":129604,"comment_status":"open","ping_status":"closed","template":"","meta":{"_acf_changed":false,"inline_featured_image":false,"_tribe_events_status":"","_tribe_events_status_reason":"","footnotes":""},"tags":[],"tribe_events_cat":[10],"class_list":["post-129602","tribe_events","type-tribe_events","status-publish","has-post-thumbnail","hentry","tribe_events_cat-teatro","cat_teatro"],"acf":[],"aioseo_notices":[],"_links":{"self":[{"href":"https:\/\/marchespettacolo.com\/en\/wp-json\/wp\/v2\/tribe_events\/129602","targetHints":{"allow":["GET"]}}],"collection":[{"href":"https:\/\/marchespettacolo.com\/en\/wp-json\/wp\/v2\/tribe_events"}],"about":[{"href":"https:\/\/marchespettacolo.com\/en\/wp-json\/wp\/v2\/types\/tribe_events"}],"author":[{"embeddable":true,"href":"https:\/\/marchespettacolo.com\/en\/wp-json\/wp\/v2\/users\/2"}],"replies":[{"embeddable":true,"href":"https:\/\/marchespettacolo.com\/en\/wp-json\/wp\/v2\/comments?post=129602"}],"version-history":[{"count":1,"href":"https:\/\/marchespettacolo.com\/en\/wp-json\/wp\/v2\/tribe_events\/129602\/revisions"}],"predecessor-version":[{"id":129606,"href":"https:\/\/marchespettacolo.com\/en\/wp-json\/wp\/v2\/tribe_events\/129602\/revisions\/129606"}],"wp:featuredmedia":[{"embeddable":true,"href":"https:\/\/marchespettacolo.com\/en\/wp-json\/wp\/v2\/media\/129604"}],"wp:attachment":[{"href":"https:\/\/marchespettacolo.com\/en\/wp-json\/wp\/v2\/media?parent=129602"}],"wp:term":[{"taxonomy":"post_tag","embeddable":true,"href":"https:\/\/marchespettacolo.com\/en\/wp-json\/wp\/v2\/tags?post=129602"},{"taxonomy":"tribe_events_cat","embeddable":true,"href":"https:\/\/marchespettacolo.com\/en\/wp-json\/wp\/v2\/tribe_events_cat?post=129602"}],"curies":[{"name":"wp","href":"https:\/\/api.w.org\/{rel}","templated":true}]}}

<p><strong>domenica 11 ottobre, ore 19.00, Sala degli Stemmi, Palazzo Pubblico (Cagli)</strong></p>
<div class="fact">Da Ovidio</div>
<div class="fact">Testo e regia Francesca Berardi</div>
<div class="fact">Sound design Paolo Montesi</div>
<div class="fact">Costumi Paola Sartini</div>
<div> </div>
<div>Ispirato a Ovidio, Metamorfosi attraversa le pagine più note del mito per restituirne l&#8217;attualità. Dafne, Narciso, Eco, Medusa e Icaro diventano immagini per riflettere sulla fragilità dell&#8217;identità, sul desiderio, sulla perdita, sul cambiamento.</div>
<div>Le Metamorfosi di Ovidio sono uno dei grandi archivi della memoria occidentale. Ogni mutamento conserva qualcosa della forma precedente: è proprio questa permanenza nella trasformazione a rendere il mito uno straordinario strumento di memoria.</div>
