{"id":129593,"date":"2026-09-02T10:30:00","date_gmt":"2026-09-02T09:30:00","guid":{"rendered":"https:\/\/marchespettacolo.com\/?post_type=tribe_events&#038;p=129593"},"modified":"2026-09-02T10:30:00","modified_gmt":"2026-09-02T09:30:00","slug":"cassandra-3","status":"publish","type":"tribe_events","link":"https:\/\/marchespettacolo.com\/en\/events\/cassandra-3\/","title":{"rendered":"CASSANDRA"},"content":{"rendered":"<dl>\n<dt>\n<dl>\n<dt><strong>sabato 26 settembre, ore 21.00, Ex Chiesa del Gonfalone, Saltara di Colli al Metauro<\/strong><\/dt>\n<\/dl>\n<\/dt>\n<\/dl>\n<p>libero \u00b7 prenotazione su Eventbrite \u00b7 50 posti<\/p>\n<dl>\n<dt>Di e con Francesca Berardi<\/dt>\n<dt>\n<div class=\"fact\">Paesaggi sonori Fedo Bobo<\/div>\n<div class=\"fact\">Scultura tattile sonora Ambra Lorito<\/div>\n<div class=\"fact\">Supervisione Filippo Mantoni<\/div>\n<\/dt>\n<\/dl>\n<p>Cassandra \u00e8 una performance immersiva sulla profetessa troiana, a partire da Eschilo, Euripide, Ovidio e Virgilio. Il mito non \u00e8 narrato ma trasformato in spazio percettivo, dove voce, corpo, materia ed elettronica si accordano.<\/p>\n<p>Cassandra \u00e8 uno degli archetipi pi\u00f9 radicali della cultura occidentale: colei che vede, conosce e pronuncia la verit\u00e0, ma non viene creduta. Nello spazio dell&#8217;ex Chiesa del Gonfalone, la parola si fa vibrazione e il corpo della profetessa entra in relazione con la materia, il suono elettronico e la scultura di Ambra Lorito.<\/p>","protected":false},"excerpt":{"rendered":"<p> Via Flaminia Festival <\/p>","protected":false},"author":2,"featured_media":0,"comment_status":"open","ping_status":"closed","template":"","meta":{"_acf_changed":false,"inline_featured_image":false,"_tribe_events_status":"","_tribe_events_status_reason":"","footnotes":""},"tags":[],"tribe_events_cat":[10],"class_list":["post-129593","tribe_events","type-tribe_events","status-publish","hentry","tribe_events_cat-teatro","cat_teatro"],"acf":[],"aioseo_notices":[],"_links":{"self":[{"href":"https:\/\/marchespettacolo.com\/en\/wp-json\/wp\/v2\/tribe_events\/129593","targetHints":{"allow":["GET"]}}],"collection":[{"href":"https:\/\/marchespettacolo.com\/en\/wp-json\/wp\/v2\/tribe_events"}],"about":[{"href":"https:\/\/marchespettacolo.com\/en\/wp-json\/wp\/v2\/types\/tribe_events"}],"author":[{"embeddable":true,"href":"https:\/\/marchespettacolo.com\/en\/wp-json\/wp\/v2\/users\/2"}],"replies":[{"embeddable":true,"href":"https:\/\/marchespettacolo.com\/en\/wp-json\/wp\/v2\/comments?post=129593"}],"version-history":[{"count":2,"href":"https:\/\/marchespettacolo.com\/en\/wp-json\/wp\/v2\/tribe_events\/129593\/revisions"}],"predecessor-version":[{"id":129597,"href":"https:\/\/marchespettacolo.com\/en\/wp-json\/wp\/v2\/tribe_events\/129593\/revisions\/129597"}],"wp:attachment":[{"href":"https:\/\/marchespettacolo.com\/en\/wp-json\/wp\/v2\/media?parent=129593"}],"wp:term":[{"taxonomy":"post_tag","embeddable":true,"href":"https:\/\/marchespettacolo.com\/en\/wp-json\/wp\/v2\/tags?post=129593"},{"taxonomy":"tribe_events_cat","embeddable":true,"href":"https:\/\/marchespettacolo.com\/en\/wp-json\/wp\/v2\/tribe_events_cat?post=129593"}],"curies":[{"name":"wp","href":"https:\/\/api.w.org\/{rel}","templated":true}]}}

<dl>
<dt>
<dl>
<dt><strong>sabato 26 settembre, ore 21.00, Ex Chiesa del Gonfalone, Saltara di Colli al Metauro</strong></dt>
</dl>
</dt>
</dl>
<p>libero · prenotazione su Eventbrite · 50 posti</p>
<dl>
<dt>Di e con Francesca Berardi</dt>
<dt>
<div class="fact">Paesaggi sonori Fedo Bobo</div>
<div class="fact">Scultura tattile sonora Ambra Lorito</div>
<div class="fact">Supervisione Filippo Mantoni</div>
</dt>
</dl>
<p>Cassandra è una performance immersiva sulla profetessa troiana, a partire da Eschilo, Euripide, Ovidio e Virgilio. Il mito non è narrato ma trasformato in spazio percettivo, dove voce, corpo, materia ed elettronica si accordano.</p>
<p>Cassandra è uno degli archetipi più radicali della cultura occidentale: colei che vede, conosce e pronuncia la verità, ma non viene creduta. Nello spazio dell&#8217;ex Chiesa del Gonfalone, la parola si fa vibrazione e il corpo della profetessa entra in relazione con la materia, il suono elettronico e la scultura di Ambra Lorito.</p>
