{"id":129525,"date":"2026-08-31T13:13:35","date_gmt":"2026-08-31T12:13:35","guid":{"rendered":"https:\/\/marchespettacolo.com\/?post_type=tribe_events&#038;p=129525"},"modified":"2026-08-31T13:13:35","modified_gmt":"2026-08-31T12:13:35","slug":"musica-a-corte-7","status":"publish","type":"tribe_events","link":"https:\/\/marchespettacolo.com\/en\/events\/musica-a-corte-7\/","title":{"rendered":"MUSICA A CORTE"},"content":{"rendered":"<p><strong> gioved\u00ec 3 settembre alle ore 19,<\/strong> nel <strong>Salone Pallerini di Palazzo Gradari<\/strong>, si terr\u00e0 l&#8217;ultimo appuntamento di \u201cMusica a Corte\u201d organizzata dall\u2019<strong>Ente Concerti di Pesaro<\/strong>.<\/p>\n<p>L\u2019appuntamento \u00e8 affidato al Planquartet, quartetto d\u2019archi formato da Edoardo Brandi e Alejandro Sierra Alzate ai violini, Abraham Constantino Noguera alla viola e Nadia Plancarte Huamantalla al violoncello.<br \/>Formatosi in Belgio nel 2021, il Planquartet \u00e8 nato dall\u2019incontro, al Koninklijk Conservatorium di Anversa, di quattro giovani interpreti provenienti da Italia, Colombia, Spagna e Messico. Seguito da Guy Danel, fondatore del Quartetto Danel, l\u2019ensemble ha approfondito il repertorio cameristico da Haydn e Mendelssohn fino a Webern, Smetana e Dvo\u0159\u00e1k, e nel 2024 \u00e8 stato selezionato come \u201cYoung Artists in the City\u201d per esibirsi alla Beurs nell\u2019ambito del Klarafestival di Bruxelles. Un percorso che unisce il rigore interpretativo a una lettura fresca e dinamica del repertorio classico e contemporaneo.<br \/>Il programma pesarese attraversa il passaggio dal tardo romanticismo alla modernit\u00e0 europea. Si apre con il Langsamer Satz di Anton Webern, pagina giovanile ancora intrisa di lirismo tardoromantico, cui segue Vistas al mar del catalano Eduard Toldr\u00e0, trittico ispirato al paesaggio mediterraneo. Chiude il Quartetto n. 1 \u201cDalla mia vita\u201d di Bed\u0159ich Smetana, intenso autoritratto musicale in cui il compositore boemo racconta le proprie vicende esistenziali, fino al presagio della sordit\u00e0. Il concerto conclusivo del cartellone estivo 2026 dell\u2019Ente Concerti riporta, cos\u00ec, al centro della scena la costruzione collettiva propria della musica da camera.<\/p>\n<p><strong>Biglietto unico \u20ac 5,00<\/strong>.<\/p>\n<p>I biglietti saranno in vendita un\u2019ora prima dell\u2019inizio dello spettacolo presso il Teatro Sperimentale; una parte dei posti \u00e8 disponibile online su www.vivaticket.it. L\u2019acquisto online comporta un costo di prevendita in favore del gestore del servizio.<br \/>Informazioni: Ente Concerti di Pesaro, Corso XI Settembre 227 \u2013 tel. 0721 32482 \u2013 info@enteconcerti.it \u2013www.enteconcerti.it<\/p>","protected":false},"excerpt":{"rendered":"<p> Musica a Corte <\/p>","protected":false},"author":2,"featured_media":129526,"comment_status":"open","ping_status":"closed","template":"","meta":{"_acf_changed":false,"inline_featured_image":false,"_tribe_events_status":"","_tribe_events_status_reason":"","footnotes":""},"tags":[],"tribe_events_cat":[9],"class_list":["post-129525","tribe_events","type-tribe_events","status-publish","has-post-thumbnail","hentry","tribe_events_cat-musica","cat_musica"],"acf":[],"aioseo_notices":[],"_links":{"self":[{"href":"https:\/\/marchespettacolo.com\/en\/wp-json\/wp\/v2\/tribe_events\/129525","targetHints":{"allow":["GET"]}}],"collection":[{"href":"https:\/\/marchespettacolo.com\/en\/wp-json\/wp\/v2\/tribe_events"}],"about":[{"href":"https:\/\/marchespettacolo.com\/en\/wp-json\/wp\/v2\/types\/tribe_events"}],"author":[{"embeddable":true,"href":"https:\/\/marchespettacolo.com\/en\/wp-json\/wp\/v2\/users\/2"}],"replies":[{"embeddable":true,"href":"https:\/\/marchespettacolo.com\/en\/wp-json\/wp\/v2\/comments?post=129525"}],"version-history":[{"count":1,"href":"https:\/\/marchespettacolo.com\/en\/wp-json\/wp\/v2\/tribe_events\/129525\/revisions"}],"predecessor-version":[{"id":129527,"href":"https:\/\/marchespettacolo.com\/en\/wp-json\/wp\/v2\/tribe_events\/129525\/revisions\/129527"}],"wp:featuredmedia":[{"embeddable":true,"href":"https:\/\/marchespettacolo.com\/en\/wp-json\/wp\/v2\/media\/129526"}],"wp:attachment":[{"href":"https:\/\/marchespettacolo.com\/en\/wp-json\/wp\/v2\/media?parent=129525"}],"wp:term":[{"taxonomy":"post_tag","embeddable":true,"href":"https:\/\/marchespettacolo.com\/en\/wp-json\/wp\/v2\/tags?post=129525"},{"taxonomy":"tribe_events_cat","embeddable":true,"href":"https:\/\/marchespettacolo.com\/en\/wp-json\/wp\/v2\/tribe_events_cat?post=129525"}],"curies":[{"name":"wp","href":"https:\/\/api.w.org\/{rel}","templated":true}]}}

<p><strong> giovedì 3 settembre alle ore 19,</strong> nel <strong>Salone Pallerini di Palazzo Gradari</strong>, si terrà l&#8217;ultimo appuntamento di “Musica a Corte” organizzata dall’<strong>Ente Concerti di Pesaro</strong>.</p>
<p>L’appuntamento è affidato al Planquartet, quartetto d’archi formato da Edoardo Brandi e Alejandro Sierra Alzate ai violini, Abraham Constantino Noguera alla viola e Nadia Plancarte Huamantalla al violoncello.<br />Formatosi in Belgio nel 2021, il Planquartet è nato dall’incontro, al Koninklijk Conservatorium di Anversa, di quattro giovani interpreti provenienti da Italia, Colombia, Spagna e Messico. Seguito da Guy Danel, fondatore del Quartetto Danel, l’ensemble ha approfondito il repertorio cameristico da Haydn e Mendelssohn fino a Webern, Smetana e Dvořák, e nel 2024 è stato selezionato come “Young Artists in the City” per esibirsi alla Beurs nell’ambito del Klarafestival di Bruxelles. Un percorso che unisce il rigore interpretativo a una lettura fresca e dinamica del repertorio classico e contemporaneo.<br />Il programma pesarese attraversa il passaggio dal tardo romanticismo alla modernità europea. Si apre con il Langsamer Satz di Anton Webern, pagina giovanile ancora intrisa di lirismo tardoromantico, cui segue Vistas al mar del catalano Eduard Toldrà, trittico ispirato al paesaggio mediterraneo. Chiude il Quartetto n. 1 “Dalla mia vita” di Bedřich Smetana, intenso autoritratto musicale in cui il compositore boemo racconta le proprie vicende esistenziali, fino al presagio della sordità. Il concerto conclusivo del cartellone estivo 2026 dell’Ente Concerti riporta, così, al centro della scena la costruzione collettiva propria della musica da camera.</p>
<p><strong>Biglietto unico € 5,00</strong>.</p>
<p>I biglietti saranno in vendita un’ora prima dell’inizio dello spettacolo presso il Teatro Sperimentale; una parte dei posti è disponibile online su www.vivaticket.it. L’acquisto online comporta un costo di prevendita in favore del gestore del servizio.<br />Informazioni: Ente Concerti di Pesaro, Corso XI Settembre 227 – tel. 0721 32482 – info@enteconcerti.it –www.enteconcerti.it</p>
